)/(-4)) prime?
True
Is 3*18/(216/697796) a prime number?
False
Let a(p) = 30*p**2 + 3*p - 14. Suppose -5*m - 15 = -4*h, -2*h + 3 + 5 = -2*m. Is a(h) a prime number?
True
Suppose 112 = -15*r + 44*r - 4. Let a(b) = b - 2. Let q be a(5). Suppose -r*l + 2*j + 4785 = -l, -5*j - 4776 = -q*l. Is l a prime number?
True
Suppose -501 + 6591 = -7*w. Let b = -512 - w. Is b prime?
False
Let z = -241 + 245. Is 1 + 4421 - ((-4)/z + -4) a composite number?
True
Suppose 16*o - 15*o + 60 = 0. Let k be 6/(-27) - o/27. Suppose 5*g - 2*w = 339, 4*g + k*w = 4*w + 272. Is g a composite number?
False
Let d(c) = -c**3 - 20 + 8 - 11*c**2 - 12*c - 6. Let b be d(-10). Suppose -5*z + 1395 = -5*r, 0*z - z = b*r - 264. Is z a composite number?
True
Let q(l) = 155*l**2 - 3*l + 3. Suppose -191*n + 21 = -194*n. Is q(n) prime?
False
Let a(u) be the second derivative of 5*u**4/12 + 22*u**3/3 + 121*u**2/2 + 4*u. Is a(-38) a prime number?
True
Suppose -12*r + 8*r = -1452. Let w(x) = 103*x - 1. Let q be w(-1). Let k = q + r. Is k a composite number?
True
Let j(m) = -10*m**3 + 6*m**2 - 11*m + 109. Let t be j(-11). Is (t/(-8))/((-19)/76) a composite number?
True
Let d = 13 - 8. Let u be 2/(-4 + 45/10). Suppose u*n - h = 503, -n - 513 = -d*n - h. Is n a prime number?
True
Let m(p) = 3*p**3 - 48*p**2 + 126*p - 294. Is m(59) a composite number?
True
Suppose -27*j = -58*j - 154876. Let s = 19920 + -10827. Let x = s + j. Is x composite?
True
Suppose 4*h = -4*h + 16. Suppose -4*q + 9*q = h*p + 122, -2*q = -2*p - 44. Suppose 1758 = -23*w + q*w. Is w composite?
True
Is 231991 - ((-6 - -1) + 5) - (8 - 12) composite?
True
Let b(z) = 3*z + 22. Let d be b(-14). Let o be 0 - d/(4 + 1). Suppose 2*k - 789 = -k + 4*x, -k + 271 = -o*x. Is k prime?
False
Suppose -31333 - 11036213 = -3*b - 39*b. Is b a composite number?
False
Is 251/2008 - 1427/(-16)*3226 a prime number?
False
Suppose -42*w + 22343036 = 132*w - 7315786. Is w prime?
False
Let d = 8 + -1. Let l(p) = -p**2 + 9*p - 9. Let n be l(d). Suppose 5*h - 2224 = -2*b, -1350 = -n*h + 2*h + 4*b. Is h prime?
False
Is ((-3126)/(-12))/((-25)/(-350)) composite?
True
Suppose 0 = -5*k - 20, 153*w - 5*k - 133215 = 148*w. Is w composite?
True
Let j = -36103 + 24953. Let h = j + 7637. Let c = -1690 - h. Is c a composite number?
False
Suppose 3*r = -4*k + 20, 8*r - 3*r - k + 5 = 0. Let l be r + 1/1 - (-69 + -2746). Let a = l - 1123. Is a composite?
False
Suppose 36*d = -3728316 + 13981224. Is d a prime number?
True
Let l(a) = -3*a**3 - 3*a**2 + 3*a + 5. Let b be l(-2). Suppose b = 5*d - p, d - p = 1 + 2. Suppose -3*z + 1339 = -4*q, z - 4*z + d*q + 1337 = 0. Is z composite?
True
Let p = 1123 - 616. Let b = 2220 + -2217. Suppose -c + p = 4*i - 0*c, -3*c - b = 0. Is i a prime number?
True
Suppose 5*j = 0, -131712 - 66842 = 2*p + 3*j. Let b = -67880 - p. Is b prime?
True
Suppose -m - 3*m = -32. Let l(g) = g**2 - 7*g - 5. Let f be l(m). Let s(d) = 30*d**3 - 2*d**2 - 2*d + 1. Is s(f) a prime number?
True
Suppose -249850 - 214063 = -17*u. Is u prime?
False
Let j = 1210998 - 727571. Is j prime?
False
Is ((-4)/(-4))/((13 - 6)/3358481) prime?
True
Let m(j) = 250*j**3 + 9*j**2 - 42*j - 61. Is m(6) composite?
False
Suppose -4*q = -2*l - 58, -4*q = 2*l + 15 - 69. Is ((-4)/(-10))/(q/(-70)) + 1659 prime?
True
Suppose 5*c + 6 = 4*u, 9 = -5*c + 5*u - 1. Let i = -948 + 956. Suppose 4*p - 2074 = -c*o, -3*o + i*o + 3*p = 5206. Is o a composite number?
True
Let a(x) = -2793*x - 1184. Is a(-9) prime?
False
Let w be ((-26)/1)/(100/(-45) - -2). Suppose 0 = w*t - 121*t + 7284. Is t a composite number?
True
Let v be 152/16*(15 + 1 + 0). Let q = 210 - v. Is q a prime number?
False
Let f = 55738 + -33311. Let x = f + -12616. Is x prime?
True
Let y(f) be the second derivative of 0*f**4 + 2/3*f**3 + 0 + 1/5*f**5 - 6*f - 3/2*f**2. Is y(4) a composite number?
False
Suppose -802584 - 3317656 = -24*n + 109064. Is n a composite number?
False
Suppose -4*d = -4*r - 22 - 14, -4*d = -5*r - 40. Let f(l) = 95*l + 20. Let a be f(d). Let s = a + -338. Is s composite?
False
Suppose 0 = -0*t - 4*t + 4600. Suppose 2*g = -4*m + 3073 + 2261, 3*g = -5*m + 7999. Let r = g - t. Is r a prime number?
False
Let h(x) = x**3 + 6*x**2 - 5*x - 21. Let m be h(-6). Suppose -8*b = -m*b + 26. Suppose -b*g = -29*g + 2553. Is g a composite number?
True
Suppose 3*h = 3*u - 5*u + 3, u - 4*h = 7. Suppose 0*g = -2*g + u*g. Suppose g = t - 4*w - 134, -t = 3*w - 45 - 89. Is t composite?
True
Suppose 2*u = g - 588123, -5*g - 69*u + 2940727 = -65*u. Is g prime?
False
Let k(z) = -z**3 - 31*z**2 - 203*z + 971. Is k(-82) a composite number?
False
Let s(o) = o**3 - 11*o**2 + 32*o - 5. Let a be s(5). Suppose -5*c + 2*q = -95607, -2*q - a = 3*q. Is c a composite number?
False
Let y be 1*22 + 18 + -13. Suppose y = 2*j + 45. Let d(u) = 5*u**2 + 3*u + 29. Is d(j) composite?
True
Let v(a) = -1831*a + 13. Let f be v(-2). Let n = f + -2174. Is n prime?
False
Let l = 956 + 1982. Suppose 3*m - 137 = -f + 2063, -f - l = -4*m. Is m a composite number?
True
Let w(k) = -k**3 - 8*k**2 - 8*k - 7. Let z be w(-7). Let b be 200*(z + (-2 - 33/(-12))). Suppose -q + b = -3*y, 0*y = 4*q - y - 567. Is q a prime number?
False
Let o(h) = -h**2 - 27*h + 103. Let k be o(-27). Suppose -7*g = -x - 9*g + k, -4*x + 391 = g. Is x prime?
True
Is (-5935195)/(-5)*(-37)/(-259) composite?
True
Suppose 237 = 13*r - 179. Suppose 0 = -3*o + 4*q + r, 5*o + 5*q + 5 = 0. Suppose 0 = -3*w - o*w + 28315. Is w a composite number?
True
Let z(c) = 29*c + 22. Let l be z(-5). Let d = 127 + l. Suppose -d*q - 1966 = -6*q. Is q composite?
False
Let f = 21835 - 14229. Suppose 0*z + 3*p = -z + f, 0 = 5*z + 3*p - 38066. Is z composite?
True
Let z = -115 - -118. Is z - -2*(5 + 705) a prime number?
True
Let h(w) = 99*w - 221. Suppose 0 = 11*k - 18*k + 56. Is h(k) a prime number?
True
Let i = -12538 - -26184. Let b = -6105 + i. Is b a composite number?
False
Let z be (-51 + 3)*(-2)/3. Suppose -13*w = -11*w - z. Is (8 - w - -114)/(4/34) a prime number?
False
Let u(o) = -11*o**3 - 7*o**3 - 9*o - 491*o**2 + 490*o**2 - 13*o**3 - 4. Is u(-3) composite?
True
Suppose 3*q - 7*q = 5*a - 70, 0 = -a - 3*q + 25. Let o be -1*a/15*(-2 + -1). Suppose -o*g + 4*u = -u - 25, 5*g = -5*u + 150. Is g a composite number?
True
Let w be ((-4)/10*3)/((-11)/(-55)). Is (22 + 515)*2/w*-1 prime?
True
Let q(s) be the second derivative of 9/2*s**2 + 0 + 2*s**3 + 31*s. Is q(5) prime?
False
Suppose 17*p + 27585234 = 72*p + 1458199. Is p a prime number?
True
Suppose 4*o + 12*g - 13*g - 11863 = 0, -5936 = -2*o + 2*g. Let y = o + 5178. Is y composite?
True
Suppose -5*q - 5*x = 10, -4*q - 12 + 0 = 2*x. Let v be ((-62)/(-8) + q)/(6/16). Suppose -v*o = -13*o + 5067. Is o a composite number?
True
Let l(c) = 10*c + 47. Let m be l(14). Let w = m + 1144. Let o = -46 + w. Is o a composite number?
True
Is ((-88840)/(-32) - -13)/((-9)/(-60)) a prime number?
False
Suppose 2*k = 6, -3*j + 6*k = k - 19809. Suppose 4*y = -4*c + j, 0*c - 3*c + 4*y + 4949 = 0. Is c a composite number?
True
Suppose 160 = 7*f - 2*f. Suppose z + f = 5*z. Let w(g) = 6*g**3 - 2*g**2 - 9*g - 9. Is w(z) prime?
False
Let y(q) = q**3 - 8*q**2 + 12*q - 27. Let p be y(7). Suppose 4*t + 12234 = 2*i, p*t - 30630 = -5*i + 9*t. Is i prime?
False
Let w(f) = -27855*f + 422. Is w(-5) a prime number?
True
Let y(l) = 2*l**2 - 5*l + 25. Let u = -5 - -10. Let j(b) = 2*b**2 - 5*b + 26. Let q(n) = u*y(n) - 4*j(n). Is q(12) a prime number?
False
Let w = 170 + -167. Suppose -w*v - 5*y = -91639, -4*v + 2*y = -5*v + 30545. Is v a prime number?
True
Suppose -59*g = 1010317 - 11212811 - 1816573. Is g a prime number?
True
Suppose 216*t - 5580 = 212*t. Let p = t + -428. Is p prime?
True
Suppose 6*h - 347226 - 240933 = -160107. Is h composite?
True
Suppose -4*m - 6*a + a = -50, -8 = -4*a. Suppose -18*v = m*v - 126868. Is v a composite number?
True
Let t = 354 - 328. Suppose 3392 = t*f - 6410. Is f a composite number?
True
Suppose 2*u - 199953 + 43788 = a, -4 = -4*a. Is u a composite number?
True
Let c(k) = -4*k - 71. Let l be c(-19). Suppose -4*b - f = -14375, l*f = -24*b + 22*b + 7201. Is b a composite number?
False
Let m be 13924 + ((-22)/4 - (-7)/14). Suppose 47188 = 3*g - m. Is g a prime number?
True
Let d be (0 + -123)*2/(-2). Let t = 14402 + -13852. Let s = t + d. Is s a prime numbe